e
Does 899 divide 80501859?
False
Is 42474097 a multiple of 31?
False
Does 403 divide 380442478?
True
Is 150144005 a multiple of 41?
False
Is 177 a factor of 143892327?
True
Is 17 a factor of 2638034330?
True
Is 32843467 a multiple of 396?
False
Does 11274 divide 2511112929?
False
Is 3611 a factor of 120401436?
False
Is 1915 a factor of 69164055?
True
Does 69 divide 28321050?
True
Does 33 divide 50653317?
True
Does 305 divide 4646239?
False
Does 30 divide 336201120?
True
Is 1376773970 a multiple of 110?
True
Does 331 divide 295978499?
False
Is 3 a factor of 27052558?
False
Is 207 a factor of 1980462?
False
Is 100 a factor of 73260022?
False
Is 194888054 a multiple of 170?
False
Does 1816 divide 60970384?
True
Is 4197 a factor of 78206898?
True
Is 7795707 a multiple of 169?
False
Does 63 divide 412044444?
True
Is 4380 a factor of 202375313?
False
Is 2658899009 a multiple of 13?
True
Does 114 divide 696850?
False
Is 1490 a factor of 1064996690?
False
Does 9 divide 448144840?
False
Is 3 a factor of 63433850?
False
Is 34 a factor of 10798230?
True
Is 133 a factor of 17323117?
True
Is 52 a factor of 99757164?
True
Does 22 divide 15066520?
False
Is 343529120 a multiple of 3344?
True
Is 7624326 a multiple of 16?
False
Is 10921504 a multiple of 209?
True
Is 32 a factor of 47455068?
False
Is 437 a factor of 30093131?
True
Is 1180203435 a multiple of 4484?
False
Does 243 divide 320128008?
False
Is 276 a factor of 184259682?
False
Is 7 a factor of 4134321?
False
Is 32199977 a multiple of 23?
True
Is 384688248 a multiple of 12?
True
Is 29 a factor of 12754425?
False
Is 66410288 a multiple of 49?
True
Is 4439404 a multiple of 2?
True
Does 3 divide 1682319?
True
Is 50419404 a multiple of 186?
False
Is 1695 a factor of 209400300?
True
Is 1145324873 a multiple of 2196?
False
Is 57 a factor of 56702588?
False
Does 77 divide 1455461007?
True
Is 524509848 a multiple of 46?
True
Is 54 a factor of 24031080?
True
Is 830 a factor of 98473574?
False
Is 64326320 a multiple of 16?
True
Is 5943 a factor of 1296578367?
True
Does 9 divide 100968138?
True
Is 1960 a factor of 308123656?
False
Is 1345183470 a multiple of 95?
True
Does 7 divide 617730733?
False
Is 257527970 a multiple of 1435?
True
Is 44835703 a multiple of 11?
True
Is 5441016 a multiple of 932?
True
Is 23477336 a multiple of 53?
False
Is 72 a factor of 87709896?
True
Is 291763471 a multiple of 5?
False
Is 391 a factor of 1429197667?
True
Is 7 a factor of 445138317?
False
Is 4626732024 a multiple of 24?
True
Is 20 a factor of 7036330?
False
Does 455 divide 96035485?
True
Is 6694402 a multiple of 474?
False
Is 1458963 a multiple of 699?
False
Is 530 a factor of 226045952?
False
Does 2881 divide 49580919?
False
Is 342851065 a multiple of 2183?
True
Is 927188926 a multiple of 491?
False
Is 136 a factor of 34112699?
False
Is 14 a factor of 21338198?
True
Does 11 divide 120757337?
False
Does 5110 divide 1504879670?
True
Does 30 divide 99867723?
False
Is 52003854 a multiple of 42?
True
Is 89822859 a multiple of 692?
False
Is 125316331 a multiple of 16?
False
Is 80880936 a multiple of 1448?
True
Does 3626 divide 238648816?
True
Is 164 a factor of 2488700?
True
Does 19 divide 44422013?
False
Does 56 divide 260196064?
False
Is 138 a factor of 3245212?
False
Does 3710 divide 21587394?
False
Does 42 divide 4697752?
False
Is 743550061 a multiple of 6066?
False
Does 9 divide 38737069?
False
Is 936 a factor of 2066048984?
False
Does 1265 divide 256634345?
True
Is 10054940 a multiple of 1496?
False
Does 2223 divide 2046864399?
False
Is 120386840 a multiple of 299?
False
Is 571660 a multiple of 2020?
True
Is 408 a factor of 3706142664?
True
Is 83536240 a multiple of 58?
True
Does 18 divide 66160926?
True
Is 1811768 a multiple of 56?
True
Does 1032 divide 39905671?
False
Does 55 divide 149026185?
True
Is 17 a factor of 81049144?
False
Is 292921284 a multiple of 31?
False
Is 106232494 a multiple of 7?
False
Does 26 divide 206649274?
True
Does 338 divide 116325066?
True
Does 138 divide 12216138?
False
Is 1170402329 a multiple of 6393?
False
Is 4129274212 a multiple of 28?
True
Does 21 divide 155352189?
False
Is 5713992 a multiple of 732?
True
Is 23 a factor of 167804872?
True
Does 97 divide 9479628?
False
Is 93 a factor of 14388588?
True
Does 2632 divide 888874974?
False
Is 34373305 a multiple of 8?
False
Does 5651 divide 1876985301?
True
Does 211 divide 1260925239?
True
Is 11226897 a multiple of 27?
True
Is 14597772 a multiple of 3?
True
Is 15 a factor of 16935491?
False
Is 1089623540 a multiple of 2?
True
Does 66 divide 437301753?
False
Is 37 a factor of 414224916?
True
Is 17245 a factor of 2390812310?
True
Is 8694351 a multiple of 27?
True
Is 22 a factor of 5097622124?
False
Is 802415600 a multiple of 35?
True
Is 224577610 a multiple of 106?
False
Is 22889600 a multiple of 25?
True
Does 1341 divide 4586597445?
False
Does 60 divide 14944727?
False
Does 5 divide 3882096?
False
Is 15223056 a multiple of 8?
True
Is 11 a factor of 26800046?
False
Is 82712570 a multiple of 923?
False
Is 168367122 a multiple of 9?
True
Does 1215 divide 18086490?
True
Does 1524 divide 165736524?
True
Is 136671630 a multiple of 1201?
False
Does 156 divide 418920938?
False
Is 157 a factor of 98458468?
True
Is 309734656 a multiple of 616?
True
Is 144945945 a multiple of 15?
True
Is 40467300 a multiple of 2150?
True
Is 10888626 a multiple of 21?
True
Is 3903664446 a multiple of 22?
True
Is 262965340 a multiple of 428?
True
Is 12 a factor of 84913040?
False
Does 61 divide 34770777?
False
Does 246 divide 110169597?
False
Does 44 divide 1198547386?
False
Is 309903312 a multiple of 894?
True
Is 10 a factor of 45910270?
True
Is 17180333 a multiple of 748?
False
Is 13511330 a multiple of 35?
True
Is 216271450 a multiple of 18?
False
Is 46003341 a multiple of 532?
False
Is 844240850 a multiple of 579?
False
Is 8373656 a multiple of 782?
True
Is 269035536 a multiple of 664?
True
Does 253 divide 63974490?
False
Is 571 a factor of 9299877?
True
Is 8218663 a multiple of 82?
False
Is 154995003 even?
False
Is 3086520 a multiple of 89?
True
Does 18 divide 92842038?
True
Does 13 divide 485749176?
False
Is 25 a factor of 2511175?
True
Is 216 a factor of 1430136?
True
Does 1594 divide 215437477?
False
Does 134 divide 509743500?
False
Is 169103910 a multiple of 276?
False
Does 325 divide 23488400?
True
Is 161 a factor of 1369636499?
True
Is 18776306 a multiple of 8?
False
Does 111 divide 147190218?
True
Does 39 divide 658184204?
False
Is 2415 a factor of 172357430?
False
Is 303 a factor of 7960366005?
True
Does 40 divide 53223200?
True
Does 57 divide 173090931?
True
Does 169 divide 13187736?
False
Is 18669881 a multiple of 910?
False
Is 46350744 a multiple of 11?
True
Is 4 a factor of 38445046?
False
Is 3377160 a multiple of 5?
True
Is 151297146 a multiple of 546?
True
Is 218 a factor of 55288258?
False
Is 2103 a factor of 5291148?
True
Is 25 a factor of 73043014?
False
Does 463 divide 1698714198?
False
Is 6179 a factor of 755185022?
True
Is 16 a factor of 98889792?
True
Does 1155 divide 291087720?
True
Does 99 divide 14485711?
False
Does 9 divide 249558075?
True
Does 196 divide 4256609805?
False
Is 17 a factor of 24985801?
True
Does 1975 divide 2601013775?
True
Does 13 divide 71653685?
False
Does 110 divide 7544452?
False
Does 36 divide 12074096?
False
Is 147834407 a multiple of 259?
False
Is 3718946 a multiple of 152?
False
Is 26 a factor of 72775772?
False
Does 229 divide 96672258?
False
Is 1248 a factor of 530042469?
False
Is 191271467 a multiple of 379?
False
Is 248 a factor of 96390209?
False
Is 37372873 a multiple of 61?
False
Does 106 divide 56809428?
True
Does 11 divide 32302804?
False
Is 27037380 a multiple of 370?
True
Does 1135 divide 8542010?
True
Does 348 divide 29683069?
False
Is 110523915 a multiple of 35?
False
Is 1123473593 a multiple of 12?
False
Does 127 divide 111649873?
False
Is 631459217 a multiple of 4?
False
Is 3321 a factor of 537112?
False
Does 42 divide 415175821?
False
Is 51 a factor of 688538056?
False
Is 8 a factor of 49274341?
False
Does 44 divide 2487009052?
True
Is 313433190 a multiple of 2070?
True
Is 36 a factor of 139211098?
False
Is 142272179 a multiple of 47?
False
Is 563 a factor of 13547019?
False
Does 15 divide 185638351?
Fa